 of 2278595?
2
What is the ten thousands digit of 1736532?
3
What is the hundreds digit of 181001?
0
What is the tens digit of 359572?
7
What is the ten thousands digit of 72310?
7
What is the ten thousands digit of 463801?
6
What is the thousands digit of 24802?
4
What is the hundreds digit of 24109003?
0
What is the hundred thousands digit of 727131?
7
What is the hundred thousands digit of 178552?
1
What is the millions digit of 6050438?
6
What is the units digit of 767953?
3
What is the ten millions digit of 14536291?
1
What is the hundreds digit of 108619?
6
What is the thousands digit of 1380126?
0
What is the ten thousands digit of 98672?
9
What is the ten thousands digit of 12942599?
4
What is the thousands digit of 617310?
7
What is the hundreds digit of 1548770?
7
What is the units digit of 9850439?
9
What is the ten thousands digit of 598013?
9
What is the ten thousands digit of 656308?
5
What is the millions digit of 22798105?
2
What is the hundreds digit of 1512306?
3
What is the millions digit of 11932165?
1
What is the hundreds digit of 198687?
6
What is the tens digit of 170120?
2
What is the units digit of 212450?
0
What is the hundreds digit of 1376170?
1
What is the hundreds digit of 492076?
0
What is the hundred thousands digit of 2978298?
9
What is the millions digit of 3427528?
3
What is the hundreds digit of 96533?
5
What is the tens digit of 4220747?
4
What is the units digit of 468774?
4
What is the units digit of 1292441?
1
What is the ten thousands digit of 76671?
7
What is the ten thousands digit of 1123238?
2
What is the thousands digit of 565788?
5
What is the thousands digit of 2949988?
9
What is the units digit of 6379472?
2
What is the hundreds digit of 130700?
7
What is the tens digit of 146934?
3
What is the thousands digit of 341300?
1
What is the hundred thousands digit of 365175?
3
What is the ten thousands digit of 96389?
9
What is the units digit of 70068?
8
What is the units digit of 11207778?
8
What is the ten thousands digit of 389914?
8
What is the ten thousands digit of 308333?
0
What is the hundreds digit of 7406588?
5
What is the thousands digit of 22962483?
2
What is the ten thousands digit of 512990?
1
What is the millions digit of 6191118?
6
What is the hundred thousands digit of 605970?
6
What is the units digit of 6725905?
5
What is the tens digit of 365055?
5
What is the hundred thousands digit of 30017948?
0
What is the units digit of 61289?
9
What is the hundred thousands digit of 350060?
3
What is the tens digit of 3765540?
4
What is the hundreds digit of 445406?
4
What is the hundreds digit of 19277733?
7
What is the hundreds digit of 6874890?
8
What is the millions digit of 10228636?
0
What is the hundred thousands digit of 15213321?
2
What is the hundred thousands digit of 372785?
3
What is the tens digit of 965910?
1
What is the hundreds digit of 340566?
5
What is the millions digit of 3307059?
3
What is the millions digit of 1523900?
1
What is the tens digit of 466843?
4
What is the thousands digit of 311669?
1
What is the ten thousands digit of 692145?
9
What is the tens digit of 1649600?
0
What is the hundreds digit of 114092?
0
What is the tens digit of 193383?
8
What is the thousands digit of 4464885?
4
What is the tens digit of 2934849?
4
What is the units digit of 392752?
2
What is the millions digit of 4600447?
4
What is the tens digit of 3206335?
3
What is the thousands digit of 14065190?
5
What is the tens digit of 80536?
3
What is the units digit of 5299847?
7
What is the millions digit of 6125939?
6
What is the ten thousands digit of 445808?
4
What is the thousands digit of 7304667?
4
What is the hundreds digit of 172322?
3
What is the millions digit of 7878113?
7
What is the tens digit of 33828507?
0
What is the tens digit of 7943178?
7
What is the thousands digit of 1673672?
3
What is the units digit of 4400247?
7
What is the thousands digit of 285256?
5
What is the ten thousands digit of 264357?
6
What is the ten thousands digit of 16868967?
6
What is the hundreds digit of 649848?
8
What is the thousands digit of 748016?
8
What is the ten thousands digit of 6092172?
9
What is the millions digit of 1306870?
1
What is the tens digit of 5853678?
7
What is the thousands digit of 9007904?
7
What is the thousands digit of 296025?
6
What is the tens digit of 262949?
4
What is the hundreds digit of 91820?
8
What is the hundreds digit of 327207?
2
What is the ten thousands digit of 309342?
0
What is the units digit of 331239?
9
What is the ten thousands digit of 642978?
4
What is the units digit of 303573?
3
What is the hundred thousands digit of 2970036?
9
What is the tens digit of 178285?
8
What is the hundreds digit of 382412?
4
What is the ten thousands digit of 19462125?
6
What is the units digit of 90100?
0
What is the ten thousands digit of 2182152?
8
What is the millions digit of 6449477?
6
What is the ten thousands digit of 9800429?
0
What is the units digit of 402108?
8
What is the hundred thousands digit of 149966?
1
What is the millions digit of 9493039?
9
What is the hundred thousands digit of 3298860?
2
What is the ten thousands digit of 239313?
3
What is the units digit of 636326?
6
What is the ten thousands digit of 1979092?
7
What is the ten millions digit of 16636220?
1
What is the hundred thousands digit of 708314?
7
What is the millions digit of 23954716?
3
What is the thousands digit of 96071?
6
What is the thousands digit of 2131806?
1
What is the ten thousands digit of 32225451?
2
What is the ten thousands digit of 27137112?
3
What is the thousands digit of 15154763?
4
What is the hundred thousands digit of 248485?
2
What is the hundreds digit of 24796153?
1
What is the hundreds digit of 15914876?
8
What is the hundreds digit of 1695656?
6
What is the hundred thousands digit of 595093?
5
What is the hundred thousands digit of 10705464?
7
What is the hundreds digit of 1100068?
0
What is the tens digit of 748245?
4
What is the tens digit of 123222?
2
What is the tens digit of 4462898?
9
What is the tens digit of 309368?
6
What is the thousands digit of 5221842?
1
What is the hundreds digit of 412938?
9
What is the millions digit of 1711594?
1
What is the hundred thousands digit of 1043345?
0
What is the millions digit of 6069788?
6
What is the hundred thousands digit of 9812353?
8
What is the hundreds digit of 496745?
7
What is the millions digit of 6370247?
6
What is the ten thousands digit of 391815?
9
What is the hundred thousands digit of 3311054?
3
What is the hundred thousands digit of 21898933?
8
What is the hundred thousands digit of 1194604?
1
What is the tens digit of 6812200?
0
What is the thousands digit of 8588425?
8
What is the units digit of 653325?
5
What is the thousands digit of 211737?
1
What is the hundred thousands digit of 12806159?
8
What is the hundred thousands digit of 15316184?
3
What is the ten thousands digit of 246560?
4
What is the ten thousands digit of 12442169?
4
What is the tens digit of 2059?
5
What is the ten thousands digit of 1258991?
5
What is the ten thousands digit of 20249524?
4
What is the ten thousands digit of 108674?
0
What is the hundreds digit of 329848?
8
What is the units digit of 2047982?
2
What is the ten thousands digit of 1052322?
5
What is the tens digit of 212090?
9
What is the millions digit of 22896925?
2
What is the hundred thousands digit of 1996941?
9
What is the tens digit of 5935441?
4
What is the ten thousands digit of 567264?
6
What is the thousands digit of 96101?
6
What is the hundreds digit of 35104155?
1
What is the tens digit of 623509?
0
What is the thousands digit of 2311903?
1
What is the hundreds digit of 179030?
0
What is the tens digit of 3836?
3
What is the units digit of 8622109?
9
What is the ten thousands digit of 22587516?
8
What is the ten thousands digit of 2735633?
3
What is the thousands digit of 333920?
3
What is the hundreds digit of 17011275?
2
What is the millions digit of 1299420?
1
What is the millions digit of 6755406?
6
What is the ten thousands digit of 1597355?
9
What is the hundreds digit of 8831301?
3
What is the hundred thousands digit of 268413?
2
What is the hundreds digit of 7175340?
3
What is the ten thousands digit of 5532060?
3
What is the thousands 